- 17. Determine d(2).
-13
Let l(z) = -z**2 + 33*z + 170. Calculate l(23).
400
Let s(j) = j**2 - 17*j - 34. Give s(18).
-16
Let d(q) = -622*q + 7471. What is d(12)?
7
Let p(i) = -5*i**3 + 179*i**2 - 142*i + 82. What is p(35)?
12
Let s(i) = i**3 + 2*i**2 - 19*i - 19. Determine s(-5).
1
Let v(x) = x**3 - 8*x**2 + 12*x + 6. Give v(7).
41
Let j(f) = -2*f**3 - 31*f**2 + 14*f - 27. What is j(-16)?
5
Let w(q) = -21*q - 1284. Calculate w(-89).
585
Let j(p) = 14*p**2 + 104*p - 764. Determine j(-12).
4
Let f(a) = -642*a - 165641. What is f(-258)?
-5
Let m(q) = q**3 - 11*q**2 - 524*q + 82. Determine m(29).
24
Let j(t) = -4*t - 64. Give j(-20).
16
Let x(g) = g**3 - 15*g**2 + 26*g - 43. Determine x(13).
-43
Let x(t) = -158*t + 472. Determine x(3).
-2
Let d(y) = 3*y**3 - 15*y**2 - 11*y - 38. Calculate d(6).
4
Let g(r) = 376*r + 379. What is g(-1)?
3
Let i(r) = 3*r**3 + 37*r**2 - 36*r - 255. Give i(-11).
625
Let x(q) = -2*q**2 + 82*q - 191. Calculate x(39).
-35
Let r(z) = -z**2 + 733*z + 11987. Determine r(-16).
3
Let x(c) = 2*c**2 - 157*c - 447. Determine x(81).
-42
Let j(c) = -17*c - 121. Give j(-7).
-2
Let c(l) = 2*l - 57. What is c(10)?
-37
Let i(d) = d**3 - 125*d**2 - 6*d - 7. What is i(0)?
-7
Let a(i) = 921*i - 7214. Calculate a(8).
154
Let k(a) = -2*a**3 + 13*a**2 - 66*a + 7. What is k(5)?
-248
Let u(q) = -29*q + 105. Give u(5).
-40
Let d(r) = 13*r**3 - 7*r**2 + 27*r + 71. What is d(-2)?
-115
Let a(g) = -269*g**2 + 5378*g + 35. Give a(20).
-5
Let q(p) = -175*p**2 + 4198*p + 49. Give q(24).
1
Let z(x) = -4*x**2 + 66*x - 24. Give z(23).
-622
Let b(u) = -9*u**3 - 9*u - 4. Determine b(-3).
266
Let c(h) = 2*h**3 + 9*h**2 - 12*h + 21. Give c(-7).
-140
Let q(h) = -4*h**2 + 5*h + 3. Calculate q(2).
-3
Let r(m) = 357*m + 360. What is r(-1)?
3
Let s(y) = -39*y - 249. Determine s(-6).
-15
Let t(m) = -4*m + 94. What is t(11)?
50
Let q(n) = -4*n**3 - 12*n**2 - 2*n + 76. Calculate q(2).
-8
Let s(v) = -v**3 + 9*v**2 + 7814*v + 170. What is s(-84)?
2
Let k(a) = 253*a - 1026. Calculate k(4).
-14
Let i(s) = -2*s**3 - 14*s**2 - 33*s - 5. Calculate i(-8).
387
Let f(h) = 7*h**2 + 37*h - 13. What is f(-3)?
-61
Let c(w) = 3*w**2 - 2*w - 466. Determine c(-12).
-10
Let s(z) = z**3 - 22*z**2 - 26*z + 65. Calculate s(23).
-4
Let b(f) = -4*f**2 + 202*f - 104. What is b(50)?
-4
Let c(x) = -x**2 + 38*x + 9841. Calculate c(120).
1
Let m(f) = -459*f - 8727. Determine m(-19).
-6
Let f(n) = -15*n**3 + 7*n**2 - 129*n - 130. Give f(-1).
21
Let y(i) = i**2 - 4*i - 404. Calculate y(-18).
-8
Let u(y) = 17*y**2 - 115*y + 11. Calculate u(7).
39
Let k(b) = 1516*b + 59118. Give k(-39).
-6
Let b(q) = 65*q**2 - 1307*q - 102. Determine b(20).
-242
Let z(v) = -v**3 - 6*v**2 - 64*v - 486. What is z(-7)?
11
Let i(y) = 2*y**3 + 140*y**2 + 2*y + 145. Determine i(-70).
5
Let l(o) = -187*o - 348. Give l(-2).
26
Let h(c) = -c**3 + 207*c**2 + 2632*c - 866. Calculate h(219).
10
Let t(g) = 869*g + 72119. Determine t(-83).
-8
Let f(x) = -2203*x - 10861. Determine f(-5).
154
Let u(i) = i**3 - 125*i**2 + 126*i - 334. Calculate u(124).
-86
Let q(p) = 2*p**2 - 101*p - 3766. What is q(-25)?
9
Let w(x) = 12*x - 243. Determine w(26).
69
Let y(a) = a**2 + 19*a + 30. Give y(10).
320
Let y(l) = 2*l**2 + 10*l - 694. Give y(16).
-22
Let h(y) = 24*y**2 + 369. Calculate h(0).
369
Let n(z) = -126*z + 2536. Calculate n(20).
16
Let f(i) = i**3 - 12*i**2 + 29*i + 9. Calculate f(7).
-33
Let c(i) = i**2 + 160*i - 661. Calculate c(-164).
-5
Let i(g) = 476*g + 40436. Determine i(-85).
-24
Let m(n) = 1801*n - 10819. Calculate m(6).
-13
Let z(u) = 2*u**2 - 1636*u + 4903. What is z(3)?
13
Let t(v) = -7*v - 89. Calculate t(-9).
-26
Let l(h) = 11*h**2 + 536*h - 2. Calculate l(-48).
-386
Let v(i) = -3*i**2 + 131*i - 89. Give v(43).
-3
Let s(j) = 11*j**3 + 152*j**2 - 31*j + 43. Calculate s(-14).
85
Let j(w) = w**2 - 26*w + 167. Calculate j(15).
2
Let j(u) = 5*u**2 - 93*u - 3. Calculate j(19).
35
Let q(l) = l**2 + 58*l + 315. Determine q(-7).
-42
Let n(s) = -6*s**2 + 2*s + 233. What is n(6)?
29
Let n(l) = 1448*l + 14465. Calculate n(-10).
-15
Let o(v) = 2*v**2 + 34*v + 19. Calculate o(-8).
-125
Let j(k) = 2*k**2 - 4*k - 77. Calculate j(9).
49
Let r(a) = 87*a**2 + 8084*a - 653. Determine r(-93).
-2
Let p(r) = 32*r + 342. Calculate p(-10).
22
Let s(r) = -2*r**3 - 41*r**2 + 249*r + 25. Give s(5).
-5
Let b(f) = f**3 - 7*f**2 - 18*f + 104. Determine b(5).
-36
Let x(b) = -37*b - 1928. Calculate x(-55).
107
Let z(a) = -2*a**3 + 154*a**2 - 2490*a + 327. Calculate z(54).
3
Let z(x) = 6*x**2 - 257*x + 680. Determine z(40).
0
Let o(z) = -5*z**3 - 50*z**2 - 44*z - 42. Give o(-9).
-51
Let r(g) = -g**3 + 32*g**2 - 56*g - 73. What is r(30)?
47
Let c(h) = 7*h**3 - 32*h**2 - 54. What is c(5)?
21
Let w(r) = -256*r - 15886. Calculate w(-62).
-14
Let x(g) = -883*g - 2625. Calculate x(-3).
24
Let s(y) = 53*y**2 - 529*y - 18. What is s(10)?
-8
Let c(m) = -m**2 + 214*m + 621. Give c(-3).
-30
Let f(p) = -46*p - 3465. Calculate f(-75).
-15
Let z(l) = -11*l**2 - 608*l - 1329. Give z(-53).
-4
Let r(x) = 17*x**3 - 8*x**2 - 22*x - 10. Give r(-2).
-134
Let j(y) = y**3 - 7*y**2 + 51*y - 243. Give j(6).
27
Let x(b) = 62*b - 1012. Calculate x(16).
-20
Let k(t) = -56*t + 2746. Calculate k(50).
-54
Let v(p) = -5*p**2 - 4954*p + 34929. Determine v(7).
6
Let z(x) = x**3 + 7*x**2 - 12*x - 98. Give z(-4).
-2
Let d(z) = 537*z - 628. Calculate d(1).
-91
Let n(g) = g**2 + 1710*g - 161994. Calculate n(90).
6
Let u(p) = p**3 - 21*p**2 + 82*p - 39. Calculate u(16).
-7
Let m(d) = -2*d**3 + 35*d**2 - 95*d - 16. What is m(14)?
26
Let b(q) = -155*q - 1116. Determine b(-6).
-186
Let g(q) = -q**3 + 21*q**2 - 27*q + 74. Determine g(21).
-493
Let p(f) = f**3 + 43*f**2 + 112*f + 42. What is p(-40)?
362
Let q(c) = 6804*c - 40831. Calculate q(6).
-7
Let q(p) = -4*p - 25. What is q(-6)?
-1
Let o(p) = 53*p - 9656. Give o(182).
-10
Let p(f) = 14*f - 51. Determine p(-27).
-429
Let m(t) = 156*t - 633. Calculate m(4).
-9
Let k(l) = -l**3 + l**2 + 28*l + 95. Calculate k(7).
-3
Let d(v) = -2*v**3 - 24*v**2 - 42*v - 33. Determine d(-10).
-13
Let j(a) = -953*a**3 - 25*a**2 - 29*a - 5. What is j(-1)?
952
Let u(n) = -40*n + 112. Determine u(10).
-288
Let a(g) = -49*g**3 - g**2 - 65*g + 135. Calculate a(2).
-391
Let i(x) = 23489*x - 46977. Calculate i(2).
1
Let y(k) = 13*k - 8. Calculate y(6).
70
Let c(j) = j**2 - 42*j + 286. Give c(33).
-11
Let w(y) = -2*y**2 + 19*y - 43. What is w(5)?
2
Let h(x) = 6*x**2 - 27*x - 105. Determine h(7).
0
Let u(r) = r**2 - 210*r + 1388. Determine u(7).
-33
Let s(v) = 4*v**2 - 24*v - 8. What is s(6)?
-8
Let v(z) = 2*z**3 + 20*z**2 - 11*z - 200. Determine v(-10).
-90
Let f(z) = 52*z - 635. What is f(12)?
-11
Let i(c) = -c**3 + 16*c**2 + 26*c - 87. Give i(17).
66
Let t(y) = -239*y + 21486. Give t(90).
-24
Let t(z) = z**3 - 4*z**2 - 74*z + 377. Calculate t(6).
5
Let y(c) = 2*c**2 - c - 8. Give y(3).
7
Let j(f) = 3*f**3 - 27*f**2 + 38*f + 26. Give j(7).
-2
Let p(l) = 11*l + 35. Calculate p(8).
123
Let c(d) = 18*d**2 + 56*d + 3. Give c(-4).
67
Let n(c) = -c**2 - 209*c + 1747. Calculate n(8).
11
Let y(g) = -42*g + 3158. Determine y(76).
-34
Let a(i) = 372*i + 1108. What is a(-3)?
-8
Let z(t) = -27*t + 6. What is z(2)?
-48
Let x(w) = -106*w - 2327. Calculate x(-22).
5
Let g(i) = 228*i - 20980. Give g(92).
-4
Let d(h) = 62*h - 47. Give d(1).
15
Let c(r) = 70*r**2 + 4*r - 1. What is c(1)?
73
Let l(i) = -809*i**2 - i + 17. Calculate l(1).
-793
Let v(r) = -457*r + 875. Calculate v(2).
-39
Let u(w) = -53*w - 1862. Calculate u(-37).
99
Let v(c) = 3*c**3 - 14*c**2 + 18*c - 5. Give v(4).
35
Let f(a) = a**2 - 11*a + 40. Give f(5).
10
Let y(s) = -s**2 - 12*s - 3. What is y(-15)?
-48
Let d(i) = 2*i**2 - 8*i - 493. Give d(22).
299
Let z(m) = 2*m**3 + 4*m**2 - 53*m - 28. What is z(-6)?
2
Let z(t) = -6*t - 210. What is z(27)?
-372
Let q(r) = r**3 - 11*r**2 + 15*r + 23. What is q(10)?
73
Let s(l) = l**3 - l**2 + 9*l - 113. Determine s(4).
-29
Let k(m) = -9*m + 49. Determine k(-6).
103
Let k(b) = -6*b**3 + 8*b**2 + 7*b + 6. Calculate k(-1).
13
Let m(b) = b**2 + 29*b + 126. Give m(-8).
-42
Let d(z) = -4*z - 144. Determine d(-7).
-116
Let v(k) = 11*k**3 + 266*k**2 + 47*k - 26. Determine v(-24).
-2
Let h(g) = -10*g**2 + 504*g - 6353. Determine h(25).
-3
Let n(c) = -4871*c + 34086. Determine n(7)